(-2)/10)/(x/35)?
5
Let z(f) = -4*f + 2 - 84*f**2 + 369*f**2 + f - f + 139*f**2. What is the hundreds digit of z(2)?
6
Suppose -52 = 7*v - 20*v. Let n(c) = c + 172. Let z be n(0). Suppose -z - 204 = -5*y - 4*p, -v*y + 5*p + 309 = 0. What is the units digit of y?
6
Let n(j) = j**2 + 7*j + 13. Let c be n(-2). What is the units digit of 4032/16 - (c - (-1)/1)?
8
Let z be (-7 + 4)*(-16)/6. Let f(x) = 2*x**2 + 12*x + 52. Let i be f(-10). Suppose z*n - i = 5*n. What is the units digit of n?
4
Let w(z) = 9639*z + 188. What is the ten thousands digit of w(2)?
1
Let i = 24 - 12. Suppose -3*a = a + i. What is the units digit of 0 + (-106)/a + 8/12?
6
Let c = 26 - 22. Suppose -c*p - 701 = -197. What is the tens digit of ((-36)/p)/((-1)/(-161))?
4
Let h(j) = 368*j**2 + 34*j - 773*j**2 - j**3 + 370*j**2 + 109. What is the units digit of h(-36)?
1
Suppose 0 = -4*h + 5*h - 2*f - 12, 0 = -5*f - 20. Suppose 5*p - 1806 = -3*j, -h*j - 366 = -p - 2751. What is the hundreds digit of j?
5
Let z(g) = g**3 + 49*g**2 + 46*g - 92. Let m be z(-48). Suppose -3*q - 4*w + 7*w = -3, 0 = 5*q + m*w - 14. What is the units digit of q?
2
Suppose 0 = -14*z + 3016 + 834. Suppose -u - 4*u = -z. What is the tens digit of u?
5
Let s be 5 + 2 + 363 + 2. Let c = s - -358. What is the units digit of c?
0
Let t = -84 - -80. What is the units digit of 585 - (6 + (t - 8))?
1
Let x(i) = -i**3 + 55*i**2 + 18*i + 572. What is the thousands digit of x(44)?
2
Let f be 9821/46*12/1. Suppose -20*i + f = i. What is the hundreds digit of i?
1
Let t(d) = 7*d - 40. Let y be t(6). Suppose 5*s - 8 - 5 = -3*h, 2*s = -2*h + y. Suppose -m + 48 = -5*c, s*m - 2*m - 130 = c. What is the tens digit of m?
4
What is the thousands digit of (-644037)/(-57) + (2/4)/(1121/236)?
1
What is the thousands digit of (-62400)/(-1456)*2275/3?
2
Let k(b) = b**3 - 22*b**2 + 21*b + 3. Let p be k(21). Suppose 535 = p*g - 278. What is the units digit of g?
1
Suppose -1383 = -16*y + 5769. Let m = 1012 - y. What is the units digit of m?
5
Let q(b) = 303*b - 309. Let t be q(23). Suppose -t = -7*y + 1558. What is the thousands digit of y?
1
Let p(t) = 8*t**2 + 93*t + 82. What is the hundreds digit of p(-24)?
4
Suppose 4*n - 6*n - 2*o = -10502, 4*n = -o + 21016. Suppose n = 6*v - 883. What is the thousands digit of v?
1
Let v be 3/2 - ((-966)/(-28) - 11). Let j(z) = -2*z**2 + 9*z + 22. Let g(k) = -k**2 + 10*k + 22. Let p(x) = 3*g(x) - 2*j(x). What is the units digit of p(v)?
2
Suppose -324896 = -4*p - 3*h, -5*p - 406109 = -10*p - h. What is the thousands digit of p?
1
Suppose 5*r + 4*n = -8, 32 = -2*r + 5*n + 9. Let d be 3 + -3 - 0/(r + 0). Let f(k) = -9*k + 159. What is the hundreds digit of f(d)?
1
Let f(i) = 11*i**2 + 18*i - 6. Let k be 1 + -2 - (2 + -8). What is the units digit of f(k)?
9
Let a(c) = -c - 32. Let u be a(-6). Let b = 1 - u. Suppose -28*g + b*g = -3. What is the units digit of g?
3
What is the hundreds digit of (5/((-75)/(-36)))/(64/478080)?
9
Suppose -h = 2*y - 1, -5*h + h + 7 = 5*y. Suppose 0 = -5*q - 6 + 1. What is the hundreds digit of ((-455)/(-4) - q/4) + y?
1
Let d(v) = -22*v**2 + v - 1. Let x be d(-1). Let b = 4 - x. Suppose l + 3*r = b, 2*r - 19 = 4*l - 145. What is the units digit of l?
1
What is the thousands digit of ((-1)/1)/(8/(-24872))?
3
Let p be -604*4*3/24. Let z = p - -32. Let q = -144 - z. What is the units digit of q?
6
Suppose 4*l = 6*l - 2, -3*l = -5*f - 2333. Let z = f + 849. What is the units digit of z?
3
Let g = -43 - -53. Suppose -3*s = -g - 5. Suppose -98 = y - 2*y - 4*r, 2*y = s*r + 222. What is the units digit of y?
6
Let u = -5122 - -6691. What is the tens digit of u?
6
Let r(i) = -3*i. Let v(d) = -2*d + 87. Let s(u) = -2*r(u) - v(u). What is the tens digit of s(21)?
8
Suppose 19*h + 14800 = 23*h + 4*s, 2*s - 11094 = -3*h. What is the hundreds digit of h?
6
Let c(v) be the first derivative of -v**3 - 3*v**2/2 + 9*v - 14. Let s be c(4). Let u = s + 118. What is the tens digit of u?
6
Let u be 1 + (8/6 - (-64)/24). Suppose 4*p - p + 119 = q, u*p - 615 = -5*q. What is the units digit of q?
2
Let f be (628/4 + -2)*(-852)/30. Let k = -2993 - f. What is the thousands digit of k?
1
What is the ten thousands digit of 11/(2 + 148020/(-74020))?
4
Suppose -q - 2998 = -3*p, -359 - 655 = -p + 4*q. Suppose -3*l - 20*h = -19*h - 3002, l = -h + p. What is the tens digit of l?
0
What is the thousands digit of 210694/11 + 70/(-14)?
9
Let c(o) = -o**3 - 12*o**2 - 13*o - 12. Suppose 2*a - 120 = -5*d, 4*d - 119 = -2*a - 1. Suppose 15*v + a = 10*v. What is the units digit of c(v)?
0
Let u be (2 - 1)/(1/(-769)). Let j = u - -1117. What is the units digit of j?
8
Suppose -4*g - 26862 = 155*s - 156*s, 5*g = -25. What is the thousands digit of s?
6
Suppose 15*h = 16*h - 4. Suppose 5*f = 2*d - 25, f - 4*f - 15 = -h*d. What is the units digit of (-3 + -58)*(-1 - d)?
1
Suppose 3*o - 9344 = 19*i - 23*i, -4672 = -2*i - 5*o. What is the thousands digit of i?
2
Let m = -2366 - -5012. What is the thousands digit of m?
2
Let l(w) be the second derivative of -w**5/20 + 2*w**4/3 - w**3 + 4*w**2 + 2*w. Let o = -79 + 85. What is the tens digit of l(o)?
4
Suppose -148*i - 135*i + 25128 = -274*i. What is the thousands digit of i?
2
Suppose 700 = -5*k - 3*o, k + 0*o = 3*o - 122. Let p = k - -193. What is the tens digit of p?
5
Let f be 2/7 + 1440/(-42). Let y = f + 40. Suppose 4*q - y*q = -80. What is the tens digit of q?
4
Let r = 22736 - -17232. What is the thousands digit of r?
9
Let x(n) = -3*n + 13. Let r(a) = -a. Let v(c) = 2*c + 9. Let d(j) = -12*r(j) - 3*v(j). Let s(l) = 4*d(l) + 7*x(l). What is the tens digit of s(18)?
3
Suppose 2*b + 24 = -4*b. What is the units digit of (b + 3 - -1)/1 - -139?
9
Let w be (-104)/26 - (-90 - (-1 + 1)). Suppose 89*n = w*n + 1425. What is the tens digit of n?
7
Let v(r) = r + 17. Let u = 55 + -50. Let x(j) = 3*j + 34. Let z(a) = u*v(a) - 2*x(a). What is the units digit of z(8)?
9
Let x = -39746 + 56567. What is the units digit of x?
1
Let a = -9 - 3. Let z be a/(-56)*482 + (-4)/14. What is the tens digit of 5 - 6 - (1 - (0 + z))?
0
Let u(z) = -3*z**3 - 65*z**2 + 268*z - 235. What is the ten thousands digit of u(-32)?
2
Suppose 302*t = 306*t - 5*s - 152026, -3*t - s + 113991 = 0. What is the thousands digit of t?
7
Let k = -2304 + 4695. What is the tens digit of k?
9
Let y = 8648 - -748. What is the units digit of y?
6
Let r(g) = -44*g - 26. Let f(q) = 7*q - 10. Let s(u) = 4*u - 6. Let c(i) = -3*f(i) + 5*s(i). Let x(a) = -2*c(a) - r(a). What is the tens digit of x(3)?
6
Suppose 7*d + 2*d = d. Suppose -2*v + 5*z + 310 = d, 216 + 134 = 2*v + 5*z. What is the hundreds digit of v?
1
Suppose -4*f = g + 25, 15 = -2*f - 4*g - 1. Let h be (-2)/(-1)*(57/f + -3). Let a = 43 - h. What is the units digit of a?
8
Suppose -2*g + 5246 = 3*v, -4*v - 1762 = -5*v - 4*g. Suppose 433 = o + 2*c, 5*o - v = o - c. What is the units digit of o?
7
Suppose 74952 = -52*a + 64*a. What is the tens digit of a?
4
Let y(o) = o + 1. Let i(j) = -2*j + 10. Let w(v) = -v + 9. Let d be w(10). Let b(m) = d*i(m) + 5*y(m). What is the tens digit of b(5)?
3
Suppose -67*g + 61*g - 24 = 0. Let z(b) = -147*b + 22. What is the tens digit of z(g)?
1
Let p(r) = -r**3 + 7*r**2 - 2*r - 8. Let v be p(5). Let c be v*250/(-20)*(-8)/10. Suppose -2*n = -4*n - 2*k + c, 3*k + 626 = 4*n. What is the tens digit of n?
5
What is the thousands digit of ((-2)/(-1))/(1518192/(-94888) + 16) - 2?
1
Suppose -209*n = -228*n + 1521919. What is the thousands digit of n?
0
Suppose 77074 = 15*d - 7416 + 19075. What is the units digit of d?
1
Suppose -16 = -2*o - 0. What is the units digit of (o - 0)*2*452/16?
2
Let x be 0 - 0 - (1 - 3). Let s be -13 + (-15)/(-3) + 10 + 3. Suppose -t + 5*t - 382 = -s*w, -w = x*t - 80. What is the tens digit of w?
7
Let d(l) = -l**3 - 16*l**2 + 62*l + 12. What is the tens digit of d(-43)?
6
Let z(s) be the first derivative of s**4 - 41*s**3/3 - 5*s**2/2 - 21*s - 126. What is the tens digit of z(12)?
2
Let d(j) = -203*j + 1026. What is the hundreds digit of d(-5)?
0
What is the tens digit of 7699/((-111)/(-189) - (720/(-81))/(-20))?
9
Suppose 694 = 5*c - 3*f, 2*f = -c + f + 134. Let w = 114 + c. What is the tens digit of w?
5
Let s be (901 - 38) + 1*2/2. Suppose -27*b - s = -28*b. What is the tens digit of b?
6
Let t(u) 